8598. What are the prime factors of u?
2, 997
Let s = -39 + 22. Let u = -593 - -630. Let w = s + u. List the prime factors of w.
2, 5
Let c(l) = 399*l**3 + 1. Let k be c(1). Let f be k/(-20)*(-2)/8. Let d = 31 + f. What are the prime factors of d?
2, 3
Let q(h) = 122*h + 23. Let j = -41 + 48. Let m be q(j). Suppose -2*u = 5*d - u - m, -4*d + 694 = -3*u. What are the prime factors of d?
5, 7
Suppose -t = -3*m + 48, 0 = 2*t - 4*t - 3*m - 114. Let q = -30 - t. Suppose -q = h - 74. List the prime factors of h.
2, 5
Let s(l) = -2*l**3 + 9*l**2 + 8*l - 6. Let b be s(5). Suppose -v = b - 11. What are the prime factors of 3629/76 + v/8?
2, 3
Let v be (-28)/(-140) - (-58)/10. Suppose 5*x = -4*j + v*j - 1854, x = 0. List the prime factors of j.
3, 103
Let b = -129 + 71. Let w = b + 26. What are the prime factors of (-2164)/(-18) - w/(-144)?
2, 3, 5
Let b = -11040 - -13442. List the prime factors of b.
2, 1201
Suppose -27589 = -7*k + 4*y, 0 = -19*y + 16*y + 9. What are the prime factors of k?
3943
Suppose 0 = 3*z - 5*d - 52902, 100*d = 105*d + 30. List the prime factors of z.
2, 2203
Let o(b) be the third derivative of -b**6/120 + b**5/15 + b**4/3 + b**3/2 + b**2 + 18. List the prime factors of o(-5).
2, 47
Suppose 0 = 4*u + 45 - 5. Let b(f) = 5*f**2 + 4*f - 5. List the prime factors of b(u).
5, 7, 13
Let r be 1/6*4 - (-72)/54. Suppose r*u - 3*v - 982 = 0, 5*v + 1086 = 2*u + 108. List the prime factors of u.
2, 13, 19
Let c(a) = 130*a**3 - 7*a**2 + 96*a - 78. List the prime factors of c(5).
16477
Let l = 329 - 329. Suppose 20*x - 4352 = 16*x + 5*b, l = 3*x + 2*b - 3264. What are the prime factors of x?
2, 17
Let r(n) = -349*n + 25. Let o be r(1). Let k = -157 - o. What are the prime factors of k?
167
Suppose -12 = 3*v, 67 - 79 = -5*u - 2*v. Suppose 2*z - 4*j = -344 + 1210, 0 = 4*z + u*j - 1768. What are the prime factors of z?
439
List the prime factors of 72/144 + 17622/4 + 6.
2, 1103
Suppose 0 = -44*h + 33*h + 129701. List the prime factors of h.
13, 907
Let l = -181 + -168. Let n = l - -759. What are the prime factors of n?
2, 5, 41
Suppose -3*y - 3 = -4*m + 32, 0 = 3*m - 4*y - 28. What are the prime factors of 58/(-7) + m - (-3978)/7?
2, 71
Let q be (39660/25)/4 - (-6)/(-10). Suppose 289 = 5*f - q. List the prime factors of f.
137
Suppose -3*k - 116952 = -47*k. What are the prime factors of k?
2, 3, 443
Let o(k) = 11*k**2 - 60*k + 42. List the prime factors of o(-26).
2, 4519
Let x be (-564096)/320 - (-2)/(-10). Let r = x + 2477. What are the prime factors of r?
2, 3, 7, 17
Let b(n) = 10*n - 74 - 3*n - 3*n + 13*n. List the prime factors of b(7).
3, 5
Let s(y) = 65*y - 2. Let n(w) be the third derivative of -w**4/24 - w**3/6 - 19*w**2. Let a(t) = 6*n(t) - 2*s(t). List the prime factors of a(-1).
2, 67
Let h = -2015 - -6187. What are the prime factors of h?
2, 7, 149
Suppose 241*a = 210*a + 572446. List the prime factors of a.
2, 7, 1319
Let o(c) = 2*c - 5. Let y be o(6). Suppose y*m - 24 = -m. Suppose -5*k - m*x + 296 + 60 = 0, 5*x + 60 = k. What are the prime factors of k?
2, 5, 7
Let n(v) = -v**3 - 12*v**2 + 31*v + 41. Let y be n(-17). Let m = -621 + y. What are the prime factors of m?
2, 13
Let x = -126 - -131. Suppose l = -x*l + 264. What are the prime factors of l?
2, 11
Suppose -8 - 8 = -8*o. Suppose -4*n - j + 10 = 1, -o*j = 4*n - 14. Let s(q) = 79*q - 1. List the prime factors of s(n).
2, 3, 13
What are the prime factors of (281 - -4693)*158/12?
79, 829
Let y(f) = 87*f**2 - 2*f + 1. Suppose -5*g - 9 = -3*v + 10, -v + 4*g = -11. Suppose 0 = -4*z + 7*z - v. What are the prime factors of y(z)?
2, 43
Let s be 2 - 6/1 - -6. Suppose 157 = v + s*f, -v - 2*v = 5*f - 471. Suppose 5*k - 487 = -v. List the prime factors of k.
2, 3, 11
Let m be (-5)/(5/(-4)) + 17 + -18. Suppose 3101 - 691 = 5*o + 5*p, -m*o - 5*p + 1446 = 0. List the prime factors of o.
2, 241
Let h(p) = 578*p**2 - 43*p - 34. List the prime factors of h(-3).
5297
Suppose -2292 = -3*z - 3*r, 0 = -2*z - r + 1731 - 201. What are the prime factors of z?
2, 383
Let s(i) = -2*i**3 + 2*i**2 + 3*i. Suppose 0*r - 2 = 5*o - 2*r, -3*r - 14 = o. Let v be s(o). Suppose -19*l + v*l = -80. List the prime factors of l.
2, 5
Suppose 87 = -7*g - 214. Let q = g + 47. List the prime factors of (-158)/(-2) + q + -2.
3
Let x(u) = 117*u + 70. Let j be 3 + (-1 - 5) + 11. What are the prime factors of x(j)?
2, 503
Let r(h) = 814*h**2 + 10*h + 32. What are the prime factors of r(-3)?
2, 229
Let y(a) be the second derivative of 18*a**5/5 + a**4/2 - 7*a**3/3 + a**2/2 + 143*a. List the prime factors of y(2).
3, 191
Let v = 56 - 14. Suppose -j - 2*j - v = 0. Let u(i) = i**3 + 17*i**2 + 36*i + 17. List the prime factors of u(j).
101
Suppose -9*a + 1 = -10*a. Let h be (-33)/(-27) + a - (-5908)/63. Suppose -5*z + 6*z - h = 0. What are the prime factors of z?
2, 47
List the prime factors of -9 - 71513/(-52)*12.
2, 3, 2749
Let o(c) = -c**2 + 16*c + 58. Let i be o(29). List the prime factors of (-2)/(((-8)/i)/(-4)).
11, 29
Suppose -107 = -12*q - 23. Suppose -13*h + q*h + 1290 = 0. What are the prime factors of h?
5, 43
Let u = 12 - 18. Let i(f) = -f**2 - 12*f + 5. Let w be i(u). Let g = 46 - w. What are the prime factors of g?
5
Suppose 0 = -4*h - 2*a + 7*a + 76690, 5*a - 38330 = -2*h. List the prime factors of h.
2, 3, 5, 71
Let m(f) = 5*f**3 - 2*f + 2. Let h be m(1). Suppose -91 + 13 = -j + w, -h*j = w - 402. Let n = j + -24. What are the prime factors of n?
2, 7
Let l = 9 + -6. Suppose -b + 6*b = 4*r, -2*b + b = 0. Suppose g + 3*m - 179 = r, m + 472 = l*g - 3*m. List the prime factors of g.
2, 41
Suppose -4*u + 3*u - 3040 = 5*o, 2*u = -3*o - 1831. List the prime factors of o/((6/36)/(3/(-9))).
2, 607
Suppose -3*x + 15 = 9. Let s be (-2)/(-4 + x) + 1. Suppose -4*v - 3*n + 65 = -2*v, s*v = -4*n + 66. List the prime factors of v.
31
Let k = -443 - -920. Suppose -4*l - k = -933. List the prime factors of l.
2, 3, 19
Let s(k) = k**3 + k**2 - k - 1. Let z be s(1). Suppose z = 130*w - 125*w - 2070. What are the prime factors of w?
2, 3, 23
Let s = -11290 - -57631. List the prime factors of s.
3, 19, 271
Let a be (-4)/(-6) + (-7)/(-3). Suppose 2*u - a*x = -258, 5*u + x + 636 = 4*x. List the prime factors of 2 - (-44)/(-20) - u/5.
5
Suppose -7 + 6 = 3*i + 5*m, i = -m + 1. Suppose -n - 988 = -i*c, -c + 0*c - 3*n + 326 = 0. What are the prime factors of c?
7, 47
Suppose 0 = -9*a + 6 - 51. Let o(y) = -y**3 - 3*y**2 - 6*y - 16. Let w(l) = -l + 1. Let p(m) = o(m) + 2*w(m). List the prime factors of p(a).
2, 19
Let u(g) = -g**2 + 2*g + 3. Let h be u(2). Let v be ((-23)/(-5) - h) + 8/20. Suppose v*x - 3*x + 30 = 0. What are the prime factors of x?
2, 3, 5
Let p(n) = -223*n - 1996. What are the prime factors of p(-58)?
2, 3, 1823
Let w(j) = -j + 1. Let z(s) = -4*s - 20. Let k(q) = -2*w(q) + z(q). Let t be k(-13). List the prime factors of t/26 + (-955)/(-130)*14.
103
Suppose 2*z = 5*b - 882, 5*b - 4*z = -3*z + 886. Let m be 2*(-7)/4*26. Let j = m + b. What are the prime factors of j?
3, 29
Let g(u) = 152*u - 194. Let z(b) = -3. Let t(y) = -g(y) - 3*z(y). List the prime factors of t(-7).
7, 181
Suppose 7*b - 217147 = -47*b + 1012001. List the prime factors of b.
2, 19, 599
Suppose 15 = -6*p + 69. Let o(x) = 13*x + 16. Let z be o(p). Let v = -9 + z. What are the prime factors of v?
2, 31
Let q(l) = 5*l**3 - l**2 + 17*l - 20. Let m(s) = -s**3 + 1. Let a(b) = 2*m(b) + q(b). What are the prime factors of a(5)?
3, 139
Let w(x) = x**3 + 10*x**2 + 10*x - 3. Let s be w(-7). Let m(o) = 2*o**3 + 20*o**2 - 19*o - 8. Let b be m(-11). Let r = b + s. What are the prime factors of r?
3, 11
Let y = -181 - -303. Let l = y - 101. What are the prime factors of l?
3, 7
Suppose -1315*n + 42349720 = -635*n. List the prime factors of n.
7, 31, 41
Suppose -n - 54733 = 28*l - 31*l, -2*l + n + 36489 = 0. What are the prime factors of l?
2, 4561
Let n(p) = p**3 - 7*p**2 + 2*p + 19. Let x = 48 - 52. Let a(y) = 2*y**3 - 14*y**2 + 3*y + 39. Let s(b) = x*a(b) + 9*n(b). List the prime factors of s(7).
3, 19
Let f be (-8)/(-40) + (-27)/(-15). Let n be (2/f)/(6/216). Let y = -19 + n. What are the prime factors of y?
17
Let z(s) = -s**2 - s + 633. Suppose 5*b + 4*o - 1 = 5*o, -3*o = 5*b + 3. What are the prime factors of z(b)?
3, 211
Suppose -5*v + 6 = -g, 5*v - 7 - 11